se
Is 9569 a composite number?
True
Is 5507 prime?
True
Is 14779 composite?
False
Is 13841 a prime number?
True
Is 232073 prime?
True
Is 2178919 a prime number?
False
Is 2569 a composite number?
True
Is 8861 composite?
False
Is 13159 prime?
True
Is 9649 composite?
False
Is 468269 composite?
True
Is 105863 prime?
True
Is 22201 prime?
False
Is 136361 composite?
False
Is 440641 prime?
True
Is 55243 composite?
False
Is 8501 composite?
False
Is 1225911 composite?
True
Is 62171 a composite number?
False
Is 78007 a composite number?
False
Is 30179 a prime number?
False
Is 319723 a prime number?
False
Is 238839 a composite number?
True
Is 143893 a prime number?
False
Is 87509 composite?
False
Is 12151 prime?
False
Is 397 a prime number?
True
Is 4763 a prime number?
False
Is 212411 a prime number?
True
Is 26959 prime?
True
Is 28969 a composite number?
True
Is 5773 composite?
True
Is 22769 a composite number?
False
Is 26777 composite?
False
Is 1283 prime?
True
Is 167815 prime?
False
Is 770543 prime?
False
Is 546553 a prime number?
False
Is 7573853 composite?
True
Is 3389 a composite number?
False
Is 58703 composite?
True
Is 176493 prime?
False
Is 34901 composite?
True
Is 6197 composite?
False
Is 36109 prime?
True
Is 393901 a composite number?
False
Is 46601 composite?
False
Is 625249 a prime number?
False
Is 106937 a composite number?
False
Is 514459 a prime number?
False
Is 222773 composite?
False
Is 89603 prime?
True
Is 11777 a prime number?
True
Is 1037 prime?
False
Is 750059 prime?
True
Is 1949 composite?
False
Is 140813 a composite number?
False
Is 314417 a composite number?
True
Is 1559 a composite number?
False
Is 62633 a prime number?
True
Is 4553 a prime number?
False
Is 412341 a prime number?
False
Is 71339 a composite number?
False
Is 148353 a composite number?
True
Is 4866197 a prime number?
False
Is 16331 prime?
False
Is 1357 composite?
True
Is 4586569 a composite number?
True
Is 1171 composite?
False
Is 1283 prime?
True
Is 34621 composite?
True
Is 8465 a composite number?
True
Is 11114 composite?
True
Is 7433 prime?
True
Is 142657 a prime number?
True
Is 289657 prime?
True
Is 170398 a composite number?
True
Is 4963 a prime number?
False
Is 157751 composite?
True
Is 91229 a prime number?
True
Is 23971 composite?
False
Is 117545 a composite number?
True
Is 248779 a composite number?
False
Is 2953 a composite number?
False
Is 62599 prime?
False
Is 1199069 composite?
False
Is 435997 composite?
False
Is 70571 prime?
True
Is 1909 composite?
True
Is 609643 composite?
True
Is 3953 prime?
False
Is 312509 a prime number?
True
Is 7356355 prime?
False
Is 42877 a prime number?
False
Is 81689 a prime number?
True
Is 146719 a prime number?
True
Is 133559 composite?
False
Is 63633 composite?
True
Is 114443 composite?
True
Is 148817 a composite number?
False
Is 18071 a composite number?
True
Is 15401 a prime number?
True
Is 2022359 a prime number?
True
Is 51563 a composite number?
False
Is 24607 composite?
True
Is 93683 prime?
True
Is 41579 composite?
False
Is 8621 prime?
False
Is 147053 a composite number?
True
Is 1003 composite?
True
Is 13561 a composite number?
True
Is 168395 a composite number?
True
Is 55277 composite?
True
Is 285659 a composite number?
True
Is 197939 prime?
False
Is 4247 prime?
False
Is 12323 a composite number?
False
Is 94991 composite?
True
Is 18661 a composite number?
False
Is 53773 prime?
True
Is 12197 prime?
True
Is 24085 composite?
True
Is 39251 a composite number?
False
Is 351913 a prime number?
True
Is 767 a composite number?
True
Is 29489 a composite number?
True
Is 27011 prime?
True
Is 95863 prime?
False
Is 453281 a prime number?
False
Is 371027 a composite number?
False
Is 60209 a composite number?
False
Is 304987 a prime number?
False
Is 24137 prime?
True
Is 458917 a composite number?
False
Is 1669 prime?
True
Is 14111 composite?
True
Is 2293 prime?
True
Is 293609 prime?
False
Is 5189 composite?
False
Is 465235 a composite number?
True
Is 277041 composite?
True
Is 6503 composite?
True
Is 3049 a composite number?
False
Is 29483 prime?
True
Is 14281 composite?
False
Is 9689 a prime number?
True
Is 131015 prime?
False
Is 12781 composite?
False
Is 2333 a composite number?
False
Is 5158 composite?
True
Is 161087 prime?
True
Is 18119 prime?
True
Is 11185 composite?
True
Is 66877 a prime number?
True
Is 18461 a composite number?
False
Is 22613 prime?
True
Is 140279 composite?
True
Is 13571 composite?
True
Is 687535 prime?
False
Is 179555 prime?
False
Is 878299 prime?
True
Is 3067 a prime number?
True
Is 586679 composite?
False
Is 17323 composite?
True
Is 453021 composite?
True
Is 102614 a prime number?
False
Is 42109 composite?
True
Is 317 a prime number?
True
Is 69 prime?
False
Is 48731 composite?
False
Is 9151 a composite number?
False
Is 72331 prime?
False
Is 248749 prime?
True
Is 767 a prime number?
False
Is 2605 composite?
True
Is 14809 a prime number?
False
Is 36133 a composite number?
True
Is 8287 a composite number?
False
Is 4151 a prime number?
False
Is 15727 prime?
True
Is 19661 composite?
False
Is 1282679 composite?
True
Is 257365 composite?
True
Is 52529 composite?
False
Is 64789 composite?
True
Is 179519 a composite number?
False
Is 98407 composite?
False
Is 131993 composite?
True
Is 8431 composite?
False
Is 556511 composite?
True
Is 2119 prime?
False
Is 223207 a composite number?
False
Is 1968599 a prime number?
True
Is 39473 composite?
True
Is 68311 a composite number?
False
Is 180659 composite?
True
Is 6043657 composite?
False
Is 1880961 a prime number?
False
Is 537269 prime?
True
Is 1388965 a prime number?
False
Is 395 composite?
True
Is 515 prime?
False
Is 96199 prime?
True
Is 5897 composite?
False
Is 7499 composite?
False
Is 1783 a prime number?
True
Is 595801 composite?
False
Is 130387 a composite number?
True
Is 16922 composite?
True
Is 60769 prime?
False
Is 1577 a composite number?
True
Is 69593 prime?
True
Is 6029 prime?
True
Is 150767 composite?
False
Is 39971 prime?
True
Is 10129 prime?
False
Is 279499 a prime number?
False
Is 175379 composite?
True
Is 886097 a composite number?
False
Is 6079 prime?
True
Is 45943 prime?
True
Is 107671 prime?
True
Is 204313 a prime number?
False
Is 58285 a prime number?
False
Is 1949 a composite number?
False
Is 1814897 a prime number?
False
Is 502 composite?
True
Is 46549 composite?
False
Is 39643 a prime number?
False
Is 94763 composite?
True
Is 11062 a composite number?
True
Is 111299 prime?
False
Is 1539127 composite?
False
Is 12929 composite?
True
Is 10685 prime?
False
Is 43759 a prime number?
True
Is 3427 a prime number?
False
Is 237455 prime?
False
Is 150169 prime?
True
Is 1311881 a composite number?
True
Is 101081 a prime number?
True
Is 15727 a prime number?
True
Is 43685 a prime number?
False
Is 18539 composite?
False
Is 924493 a prime number?
True
Is 5381 a composite number?
False
Is 14177 composite?
False
Is 109259 a prime number?
False
Is 1973 prime?
True
Is 14197 prime?
True
Is 2321213 a composite number?
False
Is 54251 a composite number?
False
Is 37385 a composite number?
True
Is 658573 prime?
True
Is 20593 a prime number?
True
Is 1164043 a composite number?
False
Is 1333091 a prime number?
True
Is 2329 prime?
False
Is 81343 composite?
False
Is 1201829 composite?
False
Is 215429 a composite number?
True
Is 841 a prime number?
False
Is 433501 prime?
True
Is 270449 a prime number?
False
Is 64023 a composite number?
True
Is 5161 prime?
False
Is 358357 composite?
True
Is 3716539 prime?
False
Is 810113 prime?
False
Is 17035 a composite number?
True
Is 24197 a prime number?
True
Is 21211 a composite number?
False
Is 337261 a composite number?
False
Is 14077 a composite number?
True
Is 4541 a prime number?
False
Is 5541005 a prime number?
False
Is 2119 a composite number?
True
Is 2169443 a prime number?
True
Is 517967 a prime number?
True
Is 1036153 a prime number?
True
Is 219873 prime?
False
Is 12219 prime?
False
Is 24749 prime?
True
Is 89885 composite?
True
Is 7717 a prime number?
True
Is 30959 a prime number?
False
Is 6817 a composite number?
True
Is 1929 a prime number?
False
Is 1031981 a prime number?
True
Is 31307 a composite number?
False
Is 15926 a composite number?
True
Is 55313 a composite number?
False
Is 13517 prime?
False
Is 9871 composite?
False